{"version":"1.0","provider_name":"Federassantas","provider_url":"https:\/\/www.federassantas.org.br\/novosite","title":"Federassantas nas Elei\u00e7\u00f5es 2018 - Candidato Romeu Zema - Federassantas","type":"rich","width":600,"height":338,"html":"<blockquote class=\"wp-embedded-content\" data-secret=\"DTNJpQlAwc\"><a href=\"https:\/\/www.federassantas.org.br\/novosite\/federassantas-nas-eleicoes-2018-candidato-romeu-zema\/\">Federassantas nas Elei\u00e7\u00f5es 2018 &#8211; Candidato Romeu Zema<\/a><\/blockquote><iframe sandbox=\"allow-scripts\" security=\"restricted\" src=\"https:\/\/www.federassantas.org.br\/novosite\/federassantas-nas-eleicoes-2018-candidato-romeu-zema\/embed\/#?secret=DTNJpQlAwc\" width=\"600\" height=\"338\" title=\"&#8220;Federassantas nas Elei\u00e7\u00f5es 2018 &#8211; Candidato Romeu Zema&#8221; &#8212; Federassantas\" data-secret=\"DTNJpQlAwc\" frameborder=\"0\" marginwidth=\"0\" marginheight=\"0\" scrolling=\"no\" class=\"wp-embedded-content\"><\/iframe><script>\n\/*! This file is auto-generated *\/\n!function(d,l){\"use strict\";l.querySelector&&d.addEventListener&&\"undefined\"!=typeof URL&&(d.wp=d.wp||{},d.wp.receiveEmbedMessage||(d.wp.receiveEmbedMessage=function(e){var t=e.data;if((t||t.secret||t.message||t.value)&&!\/[^a-zA-Z0-9]\/.test(t.secret)){for(var s,r,n,a=l.querySelectorAll('iframe[data-secret=\"'+t.secret+'\"]'),o=l.querySelectorAll('blockquote[data-secret=\"'+t.secret+'\"]'),c=new RegExp(\"^https?:$\",\"i\"),i=0;i<o.length;i++)o[i].style.display=\"none\";for(i=0;i<a.length;i++)s=a[i],e.source===s.contentWindow&&(s.removeAttribute(\"style\"),\"height\"===t.message?(1e3<(r=parseInt(t.value,10))?r=1e3:~~r<200&&(r=200),s.height=r):\"link\"===t.message&&(r=new URL(s.getAttribute(\"src\")),n=new URL(t.value),c.test(n.protocol))&&n.host===r.host&&l.activeElement===s&&(d.top.location.href=t.value))}},d.addEventListener(\"message\",d.wp.receiveEmbedMessage,!1),l.addEventListener(\"DOMContentLoaded\",function(){for(var e,t,s=l.querySelectorAll(\"iframe.wp-embedded-content\"),r=0;r<s.length;r++)(t=(e=s[r]).getAttribute(\"data-secret\"))||(t=Math.random().toString(36).substring(2,12),e.src+=\"#?secret=\"+t,e.setAttribute(\"data-secret\",t)),e.contentWindow.postMessage({message:\"ready\",secret:t},\"*\")},!1)))}(window,document);\n\/\/# sourceURL=https:\/\/www.federassantas.org.br\/novosite\/wp-includes\/js\/wp-embed.min.js\n<\/script>\n","thumbnail_url":null,"thumbnail_width":null,"thumbnail_height":null,"description":"Hoje foi a data combinada para a publica\u00e7\u00e3o da entrevista com o candidato ao Governo do Estado, Romeu Zema, em que ele iria responder \u00e0s perguntas formuladas pela Presidente da Federassantas, Dra. K\u00e1tia Rocha, sobre assuntos pertinentes \u00e0 situa\u00e7\u00e3o atual da sa\u00fade p\u00fablica hospitalar de Minas Gerais e as propostas para o mandato. O prazo [&hellip;]"}

Federassantas nas Eleições 2018 - Candidato Romeu Zema - Federassantas

<blockquote class="wp-embedded-content" data-secret="DTNJpQlAwc"><a href="https://www.federassantas.org.br/novosite/federassantas-nas-eleicoes-2018-candidato-romeu-zema/">Federassantas nas Eleições 2018 &#8211; Candidato Romeu Zema</a></blockquote><iframe sandbox="allow-scripts" security="restricted" src="https://www.federassantas.org.br/novosite/federassantas-nas-eleicoes-2018-candidato-romeu-zema/embed/#?secret=DTNJpQlAwc" width="600" height="338" title="&#8220;Federassantas nas Eleições 2018 &#8211; Candidato Romeu Zema&#8221; &#8212; Federassantas" data-secret="DTNJpQlAwc" frameborder="0" marginwidth="0" marginheight="0" scrolling="no" class="wp-embedded-content"></iframe><script>
/*! This file is auto-generated */
!function(d,l){"use strict";l.querySelector&&d.addEventListener&&"undefined"!=typeof URL&&(d.wp=d.wp||{},d.wp.receiveEmbedMessage||(d.wp.receiveEmbedMessage=function(e){var t=e.data;if((t||t.secret||t.message||t.value)&&!/[^a-zA-Z0-9]/.test(t.secret)){for(var s,r,n,a=l.querySelectorAll('iframe[data-secret="'+t.secret+'"]'),o=l.querySelectorAll('blockquote[data-secret="'+t.secret+'"]'),c=new RegExp("^https?:$","i"),i=0;i<o.length;i++)o[i].style.display="none";for(i=0;i<a.length;i++)s=a[i],e.source===s.contentWindow&&(s.removeAttribute("style"),"height"===t.message?(1e3<(r=parseInt(t.value,10))?r=1e3:~~r<200&&(r=200),s.height=r):"link"===t.message&&(r=new URL(s.getAttribute("src")),n=new URL(t.value),c.test(n.protocol))&&n.host===r.host&&l.activeElement===s&&(d.top.location.href=t.value))}},d.addEventListener("message",d.wp.receiveEmbedMessage,!1),l.addEventListener("DOMContentLoaded",function(){for(var e,t,s=l.querySelectorAll("iframe.wp-embedded-content"),r=0;r<s.length;r++)(t=(e=s[r]).getAttribute("data-secret"))||(t=Math.random().toString(36).substring(2,12),e.src+="#?secret="+t,e.setAttribute("data-secret",t)),e.contentWindow.postMessage({message:"ready",secret:t},"*")},!1)))}(window,document);
//# sourceURL=https://www.federassantas.org.br/novosite/wp-includes/js/wp-embed.min.js
</script>

Hoje foi a data combinada para a publicação da entrevista com o candidato ao Governo do Estado, Romeu Zema, em que ele iria responder às perguntas formuladas pela Presidente da Federassantas, Dra. Kátia Rocha, sobre assuntos pertinentes à situação atual da saúde pública hospitalar de Minas Gerais e as propostas para o mandato. O prazo [&hellip;]
